 + -7 - (-8)/f. Suppose 4*d - 988 = -z*s, -4*d + 4*s + 1217 = 213. Is d prime?
False
Suppose -5250 = -c - 2*c - 4*w, 0 = w - 3. Suppose 3*h + 125 = -2*x + 1290, -3*x - 3*h + c = 0. Is x composite?
True
Let g(p) = -p**3 - 24*p**2 - 52*p + 15. Let h be g(-22). Suppose -h + 72 = -d. Is d a prime number?
False
Suppose 5*o = 4*f + 3*o, -4*f = -4*o - 8. Is ((-8)/20)/(f/7765) composite?
False
Suppose 6*y + 4*d = 7*y - 82, -2*y + 164 = 5*d. Is y prime?
False
Let t(i) = -i**2 - 8*i - 10. Let d be t(-6). Suppose d*a = -2*o + 574, 3*o - 126 = a + 735. Is o a prime number?
False
Let t = -23 - -24. Let n(w) be the third derivative of 28*w**6/15 - w**5/30 + w**3/6 + 2*w**2. Is n(t) a prime number?
True
Let u(y) = -782*y - 95. Is u(-20) a prime number?
False
Suppose 0 = c - 3, 11 + 21 = 4*a + 4*c. Suppose -4*s + l + 1280 + 4355 = 0, -a*l = 3*s - 4232. Is s composite?
False
Let x(o) = -o**3 + 11*o**2 - 10*o - 14. Let f be (-5)/(1*(-1)/2). Let h be x(f). Let p = 99 + h. Is p prime?
False
Let r(l) = -l**3 + 3*l**2 - 5*l - 5. Let n be r(3). Let t(x) = 3*x**2 + 24*x - 43. Is t(n) a composite number?
False
Let q(n) = -12*n**3 - 4*n**2 - 7*n - 34. Is q(-7) composite?
True
Suppose 8*u = 5*u - 840. Let p = u - -421. Suppose 2*x + p = 3*x + 4*w, -5*x = -3*w - 820. Is x a prime number?
False
Is 0 + 7146 + (-10 - -15) a prime number?
True
Let s = 15 - 11. Suppose -u + 4*u - 259 = s*t, -4*u + 2*t = -352. Is u prime?
True
Let s be -1 - -2 - (3 - 4). Let j be (-13)/2 - s/(-4). Is (-2673)/(-21) - j/(-21) composite?
False
Let z be ((-24)/(-7))/((-2)/(-14)). Suppose 3*t - z = 6*t. Is 2/(-8) + (-1738)/t composite?
True
Let t(f) = f**3 - 11*f**2 - f + 10. Let i be t(11). Is i/3 + (-640)/(-3) composite?
True
Let m(a) be the second derivative of -a**5/20 - a**3/6 - a**2/2 - 6*a. Let l(t) = -4*t**3 + t**2 - 2*t + 1. Let r be l(1). Is m(r) a composite number?
False
Let m = -22458 + 46489. Is m a prime number?
False
Let x = -35 - -40. Suppose -3*q + v + 427 = 0, -4*q + 803 = x*v + 259. Is q a composite number?
True
Let r(j) = j**2 + 3*j - 9. Let w be r(-5). Suppose 3*x + 8 = -x. Is (w + 37)*(-1)/x prime?
True
Suppose 8*w - 60 = 3*w. Suppose 0 = -15*g + w*g + 1893. Is g composite?
False
Let k(j) = -2836*j + 643. Is k(-24) prime?
False
Suppose 2*l + 0*l = -4*n + 4, n + 13 = 3*l. Suppose w + l*w = 590. Is w composite?
True
Let l(j) = -19*j + 3829. Is l(0) a composite number?
True
Let u(n) = n + 10. Let h be u(-8). Suppose -h*y = -314 - 128. Is y composite?
True
Let s(j) = j**2 - 2*j - 17 - 13*j - 2 + 7*j. Is s(21) a prime number?
False
Let r(l) = l**3 + 17*l**2 + 14*l + 16. Let j be r(-15). Suppose -616 = -8*b + j. Is b a prime number?
True
Let m(j) = 12*j**2 + 60*j + 47. Is m(-16) prime?
False
Suppose 3*k + 19 = -2*l - 0*l, 5*l + 3*k + 25 = 0. Let y be l/4 - (-24)/(-16). Is -2 - 1/(y/226) prime?
False
Let g be 4 + (2 - (-5010)/3). Let o = 4783 - g. Is o a composite number?
True
Let c(g) = g**3 - 16*g**2 + 6*g + 1. Let r = 44 - 28. Is c(r) composite?
False
Let k(d) = 8*d - 17. Let f(i) = -5*i + 11. Let y(h) = -7*f(h) - 5*k(h). Let p be y(8). Is 4/p*-4*674 a prime number?
True
Suppose 33 = 4*i - 27. Is 8/20 + 3024/i composite?
True
Suppose 5*m - 8 = 7. Is (-1 - (3 - (-3 + 923))) + m a composite number?
False
Suppose -4*m + 38 = -4*f - 6, 5*m - f = 35. Let k be 420 + 4/(m/(-3)). Suppose 0*h - k = -2*d - 2*h, 2*d - 2*h = 426. Is d prime?
True
Let f(w) be the second derivative of 2*w**2 + 2*w + 0 + 3/2*w**3. Is f(7) composite?
False
Suppose -24*f = -226603 - 13565. Is f a prime number?
True
Suppose -7*d + 2*d + 29 = 3*p, 4*p = d - 15. Let a(r) = 4*r**2 + 2*r + 13. Is a(d) a prime number?
True
Suppose 0 = 9*l - 8*l - 3. Suppose 0 = 3*w + 6, -l*n - 5*w + 1703 = -0*n. Is n prime?
True
Suppose -6446 - 25383 = -7*x. Is x a prime number?
True
Let b(m) be the second derivative of 17*m**3/6 + 7*m**2 + 15*m. Is b(21) composite?
True
Suppose -3*k + 5 = 2*k, 5*z + 71 = k. Is (-4 - z - -1)*47 prime?
False
Let n(b) = -90*b**2 + b - 13. Let i be n(3). Let g = -413 - i. Is g a prime number?
False
Suppose 3*q - 496 = 5*q. Let z(n) = -2*n**2 + 11*n + 17. Let v be z(12). Let f = v - q. Is f a prime number?
True
Suppose 8*n - 6 = 5*n. Suppose 2*m - 2446 = -2*t, n*m - t = -0*t + 2434. Is m a composite number?
True
Let f be (-14932)/6 - 8/(-12). Let t = -9652 - -6049. Let w = f - t. Is w a composite number?
True
Let b(y) = -y - 7. Let x be b(-11). Let g be -3 + x - (4 - 8). Suppose z - 4*z = -3*d - 4455, -3*d = g*z - 7393. Is z a prime number?
True
Is 33188/5 + -15*(-2)/(-50) composite?
False
Let s(q) = 176*q**2 - 13*q - 278. Is s(-9) a prime number?
False
Let q(b) = -b**3 + 4*b**2 - 4*b + 2. Let j be q(3). Is 811/2*(1 - j) a composite number?
False
Let w(v) = 50*v**2 - 11*v - 1. Is w(-8) prime?
False
Let t = 26 + -23. Suppose -2*a + 111 = -4*p - 1371, t*a - 2243 = p. Is a a composite number?
True
Let l(o) = -o**3 - 9*o**2 - 7*o + 4. Let i be l(-8). Let j(u) = -u**3 + 4*u**2 + 6*u + 9. Is j(i) a prime number?
True
Let m(s) = 179*s - 84. Is m(5) a prime number?
True
Let p(q) = -q**2 + 9*q - 5. Let m be p(8). Suppose 3*u = 0, 2*y + 2*y + m*u = -6952. Let d = 63 - y. Is d prime?
True
Let m(j) = j**2 - 6*j - 7. Let z(h) = -h**2 + 5*h + 8. Let p(x) = -5*m(x) - 6*z(x). Let b(l) = l**2 + 11*l - 6. Let o be b(-12). Is p(o) a prime number?
True
Let y(h) = 20*h - 7. Let f be y(5). Let s = 102 + -112. Let u = s + f. Is u composite?
False
Let j(k) = 110*k**3 + k**2 + 2*k + 3. Is j(4) composite?
True
Let w be (-3)/(-12)*27 - (-3)/(-4). Let o(j) = 7*j**3 + j**2 - 3*j - 19. Is o(w) prime?
True
Is ((-15693)/18)/(1 - (-14)/(-12)) a prime number?
True
Suppose -5*r + 48 = -2*r. Let p = -10 + r. Suppose 2*l + 536 = p*l. Is l prime?
False
Suppose 234 + 30 = -4*v. Let o = v - -143. Is (0 + 0)/4 + o composite?
True
Is (-2)/12*-1 + (-133045)/(-246) prime?
True
Suppose 2*f = a - f - 3, 0 = -3*a - 3*f + 45. Let q(w) = 19*w + 1. Let m(k) = 57*k + 2. Let d(r) = 6*m(r) - 17*q(r). Is d(a) composite?
False
Let o(m) = 5*m + 9 + 0 - 7*m + 2. Let l be o(-6). Suppose -5*v + l = -7. Is v composite?
True
Suppose 1 = -5*o - 5*x + 41, o - 13 = 4*x. Suppose 0 = o*q - 1240 - 1091. Is q a composite number?
True
Let x(q) = q**2 - 2*q - 1. Let i be x(-3). Let p = i - 12. Suppose 0 = -2*z - 10, 5*o + 4*z - p*z = 3445. Is o composite?
False
Suppose 0 = 6*j - 102677 + 13619. Is j prime?
True
Let k = -11159 - -19512. Is k prime?
True
Let k = -14 - -29. Suppose -19*p + 740 = -k*p. Is p a prime number?
False
Let z = 2636 + -1443. Is z composite?
False
Let g = -208084 + 361587. Is g prime?
False
Suppose -741 = -v + 3*i - 2446, -3*v - 5125 = -4*i. Let w be 1 + (-2)/(-2)*-795. Let o = w - v. Is o prime?
False
Let a be -4*(-3)/36*0. Let b(n) = -6*n + 505 + a*n + 4*n + n. Is b(0) a composite number?
True
Let c = -57 - -94. Suppose -q = z + 22, c + 15 = -4*z + 5*q. Is z/42 + 188/14 a composite number?
False
Let s(l) = 36*l + 98. Let f be s(6). Is (1/1*f)/(4/6) prime?
False
Suppose -5*z = 0, 4*m - 2594 - 554 = -5*z. Is m a composite number?
False
Let t = -68 + 247. Is t a prime number?
True
Let a(d) = 330*d - 5. Is a(24) a composite number?
True
Let v = 12139 - 3360. Is v prime?
True
Suppose -4*f + 20 = -x, -2*f + 3*x = -2*x - 28. Suppose -2*q = 3*q - 5*d - 240, -f*q + 190 = -3*d. Is q a composite number?
True
Suppose -3*i = -9, -4*w - i = -9*w - 28. Let t = 6 + w. Is (1/(-3))/(t/(-249)) composite?
False
Suppose 4*g = -4*y - 0*g + 49164, 0 = 2*g + 8. Is y a prime number?
False
Suppose -4*v - 28580 = -3*r + 10263, 3*v + 64720 = 5*r. Is r a composite number?
False
Let y(l) be the second derivative of 0 + 8/3*l**4 - l**2 - 5/6*l**3 + 2*l. Is y(-3) a composite number?
True
Let g = -814 + 1583. Is g prime?
True
Let g = 20 - 18. Is g*2 + (140 - -5) prime?
True
Suppose 0 = -86*w + 91*w - 588275. Is w composite?
True
Let t = 7394 + 433. Is t a composite number?
True
Let l(h) be the second derivative of 1/2*h**2 + 5/12*h**4 + 3/2*h**3 + 0 + 13*h. Is l(8) composite?
True
Let w(k) = -465*k + 3. Let a be w(-2). Suppose -2*b = 5*q - a, -3*q = -b + 2*q + 504. Is b a composite number?
False
Suppose -5*d = 5*h - 10*d - 10710, -6426 = -3*h - 3*d. Suppose 5*f - h = f - 2*m, -5*f + 2679 = 2*m. Is f a prime number?
False
Suppose y - 25 = -2*y - 5*r, -20 = y - 4*r. Suppose -5*n + 5